 the highest common divisor of p and 36?
12
Let m(i) = 91*i + 1031. Let c be m(-11). Calculate the greatest common factor of 1515 and c.
15
Let a(l) = -l**3 - 4*l**2 + 2*l - 4. Let z be a(-5). Suppose -z*c = -14*c + 180. What is the highest common divisor of 48 and c?
12
Suppose -2*h + 22 = -18. Let i be 0*(h/6 + -3). Suppose -3*s + 147 + 261 = i. What is the highest common divisor of 17 and s?
17
Suppose n + 2 = 6, 0 = -3*c - 5*n + 137. Suppose -901*k = -3627 + 924. What is the highest common divisor of c and k?
3
Let j be 4/(-70) - 255164/(-6370). What is the highest common divisor of j and 925?
5
Suppose 13 = 6*q + 5*t - 90, 0 = -3*q - t + 53. What is the greatest common factor of q and 1719?
9
Let l(z) = 2971*z + 32740. Let x be l(-11). Suppose 0 = 2*r - 7*r + 10. Calculate the greatest common divisor of x and r.
1
Suppose 1114 - 89 = 41*d. Calculate the greatest common divisor of 1415 and d.
5
Suppose -9*z + 91 = -575. Let o = z + -75. Let h be 4/o + 40 + 4. Calculate the greatest common divisor of h and 24.
8
Let y(d) = 8*d**3 + d**2 + 7*d - 6. Let n be y(3). Suppose 0 = 5*s - 10 - n. Calculate the greatest common divisor of s and 20.
10
Suppose -5*g - 14 = -224. Suppose 3*m - g = 5*k, -m - 3*k = 1 - 29. Suppose 5*n - m - 61 = 0. Calculate the greatest common factor of 32 and n.
16
Let j = 4446 - 4410. Calculate the highest common factor of 4608 and j.
36
Let k = 222 - 242. Let i = -9 - k. Calculate the highest common divisor of i and 121.
11
Suppose 122017 + 516503 = 9*l + 11*l. What is the highest common factor of l and 102?
102
Suppose 13*o + 9*o - 1083 = 611. Calculate the greatest common divisor of 10087 and o.
77
Suppose 2*a - 28 = -x - 6, a + 3*x = 11. Let q = 471 + -468. Suppose -37 = -5*r + 2*b + 73, 0 = -r + q*b + 22. What is the highest common factor of a and r?
11
Let p(g) = 121*g + 143. Let y be p(-1). What is the greatest common divisor of y and 1782?
22
Let z(p) = 35 + 0*p + 5*p - 2*p + 5. Let h be z(-10). Let s be ((-1)/(h/18))/(102/(-680)). Calculate the highest common factor of s and 8.
4
Suppose w - 3*t + 0*t - 23 = 0, -3*w - 2*t + 58 = 0. Let x(s) = -23 + 10 - 31 + 0*s + 5*s. Let j be x(w). Calculate the greatest common factor of 4 and j.
4
Let r = -20 + 23. Let i = 125 - r. What is the greatest common divisor of 61 and i?
61
Suppose 13*k - 21*k = -26*k + 2862. Calculate the greatest common divisor of k and 5353.
53
Let k = 299 - 103. Suppose 3*a = 584 + k. Calculate the highest common factor of 20 and a.
20
Let v(u) = 2*u**2 + 10*u - 9. Let z be v(-10). Suppose -11*d = -14*d + 43*d - 4160. Calculate the highest common divisor of z and d.
13
Let r be (0 - -1)/(1/(-131)). Let t be (-3)/(-6) - r/2. Suppose 0 = 2*k - 6*j + 3*j - 28, k - 4*j - 19 = 0. Calculate the greatest common divisor of k and t.
11
Let t be 1316/15 + (-54)/(-81) + (-3)/(-5). Calculate the greatest common factor of 1157 and t.
89
Let p be ((-4)/6)/(2/42). Let y be (-94)/p + (-12)/(-42). Let t be (42/24)/((-10)/(-40)) + 0. Calculate the highest common factor of t and y.
7
Let w be (0 - 0)/(-4 + 5). Suppose -18*l + 15*l + 114 = w. What is the highest common divisor of l and 19?
19
Let d be 12 - (5*108/45 - 4). Let x(q) = 29*q**3 - 2*q**2 + 2*q - 1. Let v be x(1). Calculate the greatest common factor of d and v.
4
Let p(y) = 66*y + 283. Let d be p(-6). Let i = d - -272. What is the highest common divisor of i and 53?
53
Let u be 4/8 - (44/8 + -5). Suppose -228 = -4*b - k - 2*k, u = 3*b - k - 158. Calculate the highest common divisor of 126 and b.
18
Suppose -54 = 6*m - 12*m. Let s be (14 + -2 + -72)*m/(-2). Calculate the highest common factor of 72 and s.
18
Let k be (-171)/(-11 + 8) - (-2 + -2)/1. What is the highest common divisor of k and 3721?
61
Let x = -8836 + 10212. What is the highest common divisor of 6536 and x?
344
Let y(u) = 2*u**2 - 19*u - 5. Suppose 5*g = -3*g + 88. Let p be y(g). Calculate the highest common divisor of p and 700.
28
Let t(k) = 82*k**2 + 4*k - 13. Let c be t(2). Let v = -179 + c. Calculate the greatest common divisor of v and 16.
16
Let t be (-15)/(-6)*(-72)/45. Let v = 8 - t. Let u = 237 - 45. Calculate the greatest common factor of u and v.
12
Let q be 2/8*6*8. Suppose 11*n + 2*n = 5148. Suppose -9*x + 6*x = -n. Calculate the greatest common factor of x and q.
12
Let m be 3/(-15)*(-10)/(-6) + (-5597)/(-87). Calculate the greatest common divisor of m and 252.
4
Suppose -2616 = -100*c - 118*c. Calculate the highest common factor of 6072 and c.
12
Let t(w) = 2*w + 13. Let d be t(-5). Suppose d*s - 2*u - 922 = 0, 434 - 1357 = -3*s + u. Calculate the highest common divisor of s and 176.
44
Let g be -57*(6 - (16/(-28) - (-6910)/210)). Calculate the highest common factor of g and 316.
79
Let d = -144 + 149. Let t be (-1)/(-10)*-6 + 53/d. Calculate the greatest common factor of t and 250.
10
Let p be ((-4)/6)/((-17)/(-15963)). Let h = p - -698. What is the greatest common divisor of h and 576?
72
Let x = 3465 + 1743. Suppose 27*l = 18201 + x. Calculate the highest common divisor of 51 and l.
51
Let w = 2155 + -1931. Calculate the greatest common factor of w and 196.
28
Let x = -25 + 32. What is the greatest common factor of 1575 and x?
7
Suppose -138 = -0*z - 6*z + 5*z. What is the greatest common factor of z and 920?
46
Let q(k) = k**2 - 4*k - 7. Let y be q(6). Suppose 7*z - 94*z + 75990 = 15*z. What is the greatest common factor of y and z?
5
Suppose 3*s + 2*c = 4480, s - 3*c - 160 - 1348 = 0. What is the highest common factor of 352 and s?
88
Let u be -80*(-4)/15*351/26. Calculate the highest common factor of 468 and u.
36
Let q = -37 - -42. Let y(n) = -n - 2. Let a(z) = z + 1. Let v(p) = 5*a(p) + 2*y(p). Let m be v(q). What is the highest common factor of m and 128?
16
Suppose -22*j = -15*j - 672. Let r(z) = 2*z**2 - 13*z + 15. Let v be r(9). What is the highest common divisor of j and v?
12
Suppose 14*l - 92 = 20. Suppose i = l + 2. What is the greatest common divisor of i and 30?
10
Suppose -2*a + 42 = -636*q + 640*q, 0 = -5*a + 65. Suppose 3*b - 1971 + 663 = 0. Calculate the highest common factor of q and b.
4
Let p = 3882 - 3850. What is the greatest common factor of 3088 and p?
16
Suppose -2 + 22 = 3*d - 4*s, 3*s = d - 5. Suppose d*t - 129 + 33 = 0. Calculate the highest common factor of 3 and t.
3
Let a(c) = 21*c**2 - 228*c - 2. Let u be a(23). What is the highest common factor of 11 and u?
11
Let j = -30 - -40. Let b(f) = 0 + 3 - 17*f**2 + 18*f**2 - j*f. Let t be b(11). Calculate the highest common divisor of 42 and t.
14
Let s(p) be the third derivative of p**6/120 + p**5/20 - 11*p**4/24 + 7*p**3/3 + 125*p**2. Let i be s(6). What is the highest common divisor of 16 and i?
16
Suppose 14*b - 19*b - n = -6366, -2*n + 3828 = 3*b. What is the highest common divisor of 16 and b?
8
Suppose 0 = 8*s + 507 - 163. Let u = s - -48. Suppose 4*i - u*q = 20, -4*i + 6*i - 28 = -2*q. Calculate the greatest common factor of i and 4.
2
Suppose -1 + 12 = -3*r - 5*s, -2*r + s + 10 = 0. Suppose 29 - 56 = -r*w. Calculate the greatest common factor of w and 2.
1
Let m(t) = 187*t + 2122. Let c be m(-11). What is the greatest common divisor of c and 2795?
65
Let g(p) = -561*p + 767. Let k be g(-28). Calculate the greatest common divisor of 25 and k.
25
Let t = -102 + 101. Let a be t*(2 + 75/(-2))*2. What is the greatest common factor of a and 142?
71
Suppose 586*g = 590*g - 4480. Calculate the greatest common divisor of g and 35.
35
Let p(w) = w - 5. Suppose y + 131 = -2*v - 0*v, -680 = 5*y + 5*v. Let a = y + 149. Let n be p(a). Calculate the greatest common factor of n and 6.
3
Let w be (-2)/(7/(-231)*2)*1. Calculate the greatest common divisor of 6 and w.
3
Let x = -3398 - -7809. Calculate the highest common divisor of 11 and x.
11
Suppose 47589 - 33142 = 1626*k - 60349. Suppose 0*f - 230 = -5*f. What is the greatest common divisor of f and k?
46
Let x be (-10)/55 + 516/(-66). Let v be 152/(-96)*-15 - 2/x. Calculate the highest common factor of v and 72.
24
Suppose 5*m = 253 - 113. Let t be ((-2)/(-4))/((-8)/32). Let w = t - -16. What is the greatest common factor of w and m?
14
Let b(i) be the third derivative of 1/30*i**5 + 1/2*i**3 + 14*i**2 + 0*i + 1/12*i**4 + 0. Let u be b(-2). Calculate the highest common factor of u and 28.
7
Let